a - 4*c = 20 - 2. Give j(a).
-2
Suppose l + 4*m = -m - 7, -2*l + 5*m = -16. Let c(f) = -f + 5. Let b(d) = -5*d + 21. Let o(r) = 2*b(r) - 9*c(r). Calculate o(l).
-6
Suppose -5*a + 4*o - 40 + 15 = 0, a + o - 4 = 0. Let m be ((4/(-4))/(-1))/1. Let x(j) = -1. Let l(h) = 3*h + 3. Let k(s) = m*l(s) + 3*x(s). Give k(a).
-3
Let u(k) be the first derivative of 3 + 6*k - 1/2*k**2. What is u(6)?
0
Suppose -44 = 5*u - u - 4*g, 0 = 4*u + 4*g + 12. Let y(w) = -w**3 - 8*w**2 - 5*w + 6. Calculate y(u).
-8
Let l(h) = h**2 - h + 1. Let u(b) = 2*b**2 - 2*b + 2. Let x(s) = 5*l(s) - 2*u(s). Calculate x(0).
1
Let l(m) = m**2 + 3*m + 3. Let d(q) = q**3 + 3*q**2 - 5*q - 1. Let g be d(-4). Suppose g*o - o = -12. Let p = o + 3. Calculate l(p).
3
Let h(a) = -a - 6. Let c be h(0). Let q = c - -11. Let m(x) = x**3 - 6*x**2 + 7*x - 7. Determine m(q).
3
Let p be 30/8 - 24/32. Let v be (-2)/(-7) + 6/(-21). Let y(i) = i + 0*i + v*i. Give y(p).
3
Let y be (1 - 3) + (2 - 0). Suppose y = 6*f - f - 25. Let o(t) = -t**3 + 4*t**2 + 3*t + 6. Let z be o(f). Let h(q) = q**3 + 3*q**2 - 4*q + 1. Calculate h(z).
1
Let u(v) = -v**2 + 7*v - 6. Let r(y) = -3*y**2 - y - 21. Let d(c) = -5*c**2 - c - 31. Let g(b) = -5*d(b) + 8*r(b). Let o be g(6). What is u(o)?
4
Let n(s) = -s - 4. Let q(f) = 2*f - 2. Let p be q(7). Suppose -3*g + 0 = p. What is n(g)?
0
Suppose 5*l + 16 = 3*y, -3*y = l + 2 - 6. Let b(u) = 3*u**3 + 4*u - 3*u - y*u**3. Give b(-1).
-2
Let p(n) be the third derivative of -n**4/12 + n**3/2 - 17*n**2 - 2*n. Determine p(5).
-7
Let b(g) = -4*g - 3 + 6*g + 6 - 5*g. Let c(d) = 2*d**2 - 2*d - 1. Let u be c(-1). Calculate b(u).
-6
Let s(u) be the third derivative of u**9/60480 - u**8/3360 - u**6/144 - u**5/60 - 3*u**2. Let v(y) be the third derivative of s(y). Give v(6).
-5
Let w be (-11)/(-2) + (1/2)/(-1). Let m(i) = -i**2 + 6*i - 5. Give m(w).
0
Let q be (-74)/(-8) + 2/(-8). Suppose 2*c - 5*s - q = 0, 0*c - 2*s = -4*c + 10. Let b(l) = l**3 + 0*l**c + 1 - l**2 + 0*l**2 + 3. What is b(0)?
4
Let o(z) = 9*z. Let k(c) = -c + 1. Let l(x) = -3*k(x) - o(x). Give l(-3).
15
Let p(b) = -b**2 - 16*b - 9. Let r be p(-14). Let g = -21 + r. Let s(a) = a**3 - a - 1. What is s(g)?
-7
Let w(k) be the first derivative of 5*k**3/3 + k**2/2 + k + 1. Give w(-1).
5
Let m(t) = 17*t**2 - t - 1 - 2*t - 20*t**2. What is m(-2)?
-7
Let k(y) = -7 + 0 - 3 + y. What is k(6)?
-4
Suppose 2*z + 0*o = -o, 5*o - 12 = -4*z. Let m(h) be the second derivative of h**4/12 + h**3/2 + 3*h**2/2 + 8*h. Determine m(z).
1
Suppose 12 + 4 = 4*m. Suppose 0 = -j + 1, 1 = -w + j + m*j. Suppose 7 = -w*p - 13. Let x(u) = u**3 + 4*u**2 - 5*u - 1. Determine x(p).
-1
Let s(i) be the second derivative of -i**3/6 - 5*i**2 - 4*i. Calculate s(0).
-10
Let l(z) = -z - 4. Let k(m) = -m - 5. Suppose -2*v + 4 - 18 = 0. Let g be k(v). Suppose 7*j + 2*t = 4*j + 7, -4*t = -g*j + 10. Calculate l(j).
-7
Suppose -b = -3 - 1. Let k(y) = 7*y**2 - 3*y - 10. Let j(v) = -8*v**2 + 3*v + 11. Let c(p) = 6*j(p) + 7*k(p). Calculate c(b).
0
Let m(d) = -15*d - 5 + 14*d + 11. Let t(l) = l**2 - 3*l + 3. Let r be t(3). Determine m(r).
3
Let p(r) = r**3 - 6*r**2 - 3*r - 2. Let g = -95 - -101. What is p(g)?
-20
Let z(f) be the first derivative of f**4/4 - f**3 - f**2/2 - 1. Let d = 1 + 2. Let p be z(d). Let h(a) = -a**2 - 4*a + 1. Give h(p).
4
Let l(x) = -x**2 + 6*x + 5. Let c(u) = -2*u. Let h be c(-2). Suppose 0 = h*z + z. Let j = 5 - z. Give l(j).
10
Let w(o) be the first derivative of 4 - o - 5/2*o**2. Determine w(2).
-11
Let k(j) = -j + 2. Let d = 7 - 20. Let s = d - -19. Determine k(s).
-4
Let k(f) be the first derivative of 0*f - 1/12*f**4 + 3 + 1/180*f**6 - 2/3*f**3 + 0*f**2 - 1/120*f**5. Let j(a) be the third derivative of k(a). Calculate j(2).
4
Let z be (-6)/9*(-1 - 2). Let x(w) = w**2 + 3*w - 2. What is x(z)?
8
Let z(a) = a**3 - 7*a**2. Let l(n) = n**2 + 4*n**2 - 2*n**3 + 10*n**2 + 0*n**3 - n. Let v(j) = -4*l(j) - 9*z(j). Suppose -2*h + 20 = 3*h. What is v(h)?
0
Suppose -2*s + 2 = -2. Suppose -s*d = -5*d + 15. Let x(f) = 3*f**2 - d + 0 - 4*f**2 - 5*f. What is x(-5)?
-5
Let p(v) be the first derivative of v**4/4 - 8*v**3/3 + 9*v**2/2 - 9*v + 7. Determine p(7).
5
Let p(x) = -x - 5. Let a(y) = -1. Let h(l) = -l**3 - 5*l**2 - 4*l + 5. Let k be h(-4). Suppose -4*j = 3*j + 7. Let q(r) = j*p(r) + k*a(r). What is q(1)?
1
Suppose 4 = -4*r + 3*r. Let b be (r/(-10))/(3/15). Let y(v) = -v**3 - 3 + 4 - 3*v + 0*v + 2*v**2. Give y(b).
-5
Let p be (5 - (-1 - -4))/((-6)/(-15)). Let j(h) = 2*h - 7. Give j(p).
3
Let f(k) be the second derivative of k**4/12 + 11*k**3/6 + 13*k**2/2 - 17*k. Calculate f(-10).
3
Let j(r) = -r + 7. Let k = 7 + -7. What is j(k)?
7
Suppose -3*f + 34 = -4*r, 3*f + 3 = -3*r - 12. Let c(s) = s**3 + 7*s**2 - 2*s - 9. What is c(r)?
5
Let c(y) = y**3 - 5*y**2 - 5. Let a(u) = 2*u + 1. Let t be a(1). Suppose 25 = 2*p + t*p. Give c(p).
-5
Suppose h = -3*h + 12. Let o(t) be the third derivative of t**5/60 - t**4/12 + t**3/2 + 2*t**2. Determine o(h).
6
Suppose 11*w = 7*w + 24. Let g(d) = d - 6. Calculate g(w).
0
Let s(w) be the second derivative of -w**4/12 + w**3/2 + w**2 - 28*w. Calculate s(-2).
-8
Let d(a) = -a**3 + 5*a**2 - 3*a - 3. Suppose 3*c + 12 = 0, 5*c + 25 = -3*p + 5. Suppose p = 5*y - 20. What is d(y)?
1
Let z(o) be the first derivative of o**2 - 6*o - 3. Give z(6).
6
Let l = 3 + -6. Let w = l - -2. Let c be -3 - 3/1*w. Let z(n) = -n**3 + n**2 + n + 1. Calculate z(c).
1
Let f(j) be the third derivative of -1/120*j**6 + 0 - 1/15*j**5 - 1/6*j**3 - 1/24*j**4 + j**2 + 0*j. What is f(-4)?
3
Let g(n) = -n**3 - 6*n**2 + 8*n + 3. Let o = 60 - 67. Determine g(o).
-4
Let q(o) be the second derivative of o**7/210 + o**6/180 + o**5/60 + o**4/24 + o**3/6 - 2*o. Let n(t) be the second derivative of q(t). What is n(-1)?
-3
Let d(r) = -r**2 - 6*r + 2. Let b(h) = 2*h**2 + 5*h - 1. Let n(k) = -2*b(k) - 3*d(k). Determine n(6).
8
Let s(o) be the third derivative of o**6/120 + o**5/15 - o**4/24 - o**3/2 + 5*o**2. Suppose 0 = 2*p - 6 - 0. Suppose -6 = -c + p*c. Give s(c).
9
Let y(n) = -n**3 - 10*n**2 + 13*n + 11. Let t be y(-11). Let x(b) = -2*b + 14. Let k(d) = d - 7. Let u(h) = t*k(h) - 6*x(h). Give u(5).
-2
Let s(j) be the first derivative of -j**3/3 + 5*j**2/2 - 3*j - 1. Let n = 5 + 5. Suppose -6*z = -4*z - n. Determine s(z).
-3
Let q(z) = z**3 - 2*z**2 + 4*z - 3. Let y be q(2). Let l(m) = -m + 6 - 11 + 0*m + 10. What is l(y)?
0
Let d(n) be the first derivative of -1/2*n**2 - 1 + 5/6*n**3 - 2*n. Let s(l) be the first derivative of d(l). Calculate s(-1).
-6
Let s = 8 - 11. Let v = -2 - -4. Let o(z) = 0 - v*z - z**2 + 1 + z + 3. Give o(s).
-2
Let f(x) = 2*x**2 + 4*x - 1. Suppose 3*p - 9 = 6*p. Calculate f(p).
5
Suppose -6*i - 3*q + 3 = -3*i, i = q + 7. Let l(j) be the second derivative of j**5/20 - j**4/4 - j**3/3 - j**2 + j. Determine l(i).
6
Let x(i) = i**3 - 6*i**2 + 7*i - 2. Suppose 0 = -y + 2*f + f + 20, 2*y = -2*f. Give x(y).
8
Let g(b) be the first derivative of b**5/20 + 7*b**4/12 + 3*b**3/2 + 9*b**2/2 + 6*b + 2. Let l(u) be the first derivative of g(u). Give l(-6).
-9
Let f = -10 - -8. Let i = f - -7. Let h(q) = -3 - q**3 - 2*q + 0*q**3 + i*q**2 - 4*q + 2*q**2. Determine h(6).
-3
Let v(r) = 3*r**2 + r - 8. Let w(x) = 2*x**2 - 4. Let n(t) = -3*v(t) + 5*w(t). Calculate n(5).
14
Suppose 4*l = -2 - 14. Let s = l + 6. Let v(u) = 5*u + 1 - 4*u + s. Calculate v(-5).
-2
Let w(h) = -3*h - 3. Let a be 18/99 - (-35)/(-11). Determine w(a).
6
Let x(u) = -2*u**3 - 3*u**2 - 2*u + 2. Suppose 2*g = 3*g + 2. What is x(g)?
10
Let r(c) = c**2 - 5*c - 9. Let j be r(7). Suppose -8 = j*m + 7. Let a(z) = -z**3 - 5*z**2 - 4*z - 4. What is a(m)?
-10
Let a(x) = x**2 - 5*x - 5. Suppose 2*k + 3*y = -5, y + 3*y = 2*k - 30. Give a(k).
-5
Let i(l) be the third derivative of -l**6/120 - 7*l**5/60 + l**4/24 + 2*l**3/3 - 7*l**2. Give i(-7).
-3
Let b(l) = -2*l - 2. Let i be b(-2). Let c(n) = i + n - 5 - 2*n. Let q be -3*5/(25/5). What is c(q)?
0
Let p(d) = d**3 + d**2 + d + 1. Let k(v) = 9*v**3 + 6*v**2 + 5*v + 5. Let w(t) = -k(t) + 5*p(t). Determine w(1).
-5
Let t(o) be the third derivative of 1/24*o**4 - 6*o**2 + 0*o + 0 + 0*o**3. Give t(1).
1
Let q(z) = 2*z**3 - 2*z**2 - 2*z + 3. Let d(x) = 2*x**2 + 14*x + 2. Suppose 4*v = -v - 35. Let c be d(v). Determine q(c).
7
Let j(a) be the first derivati